{"id":11958,"date":"2021-11-05T04:26:56","date_gmt":"2021-11-05T04:26:56","guid":{"rendered":"https:\/\/partnersales.cl\/philips\/?post_type=product&#038;p=11958"},"modified":"2021-11-05T04:27:21","modified_gmt":"2021-11-05T04:27:21","slug":"secador-thermoprotect-2100-w","status":"publish","type":"product","link":"https:\/\/partnersales.cl\/philips\/?product=secador-thermoprotect-2100-w","title":{"rendered":"Secador ThermoProtect 2100 W."},"content":{"rendered":"<p>El ajuste de temperatura ThermoProtect da la temperatura de secado \u00f3ptima y ofrece una mayor protecci\u00f3n frente al sobrecalentamiento del pelo. Obtendr\u00e1s los mejores resultados sin da\u00f1ar el pelo con el mismo flujo de aire potente. Este secador Philips ThermoProtect crea 2100 W para un flujo de aire r\u00e1pido. El resultado de la combinaci\u00f3n de potencia y velocidad hace que secar y peinar el cabello sea m\u00e1s f\u00e1cil y r\u00e1pido. La velocidad y el calor pueden ajustarse f\u00e1cilmente para crear un peinado perfecto. Las seis posiciones diferentes garantizan un control completo para que obtengas un peinado preciso y con personalidad.<\/p>\n","protected":false},"excerpt":{"rendered":"<p>Protege tu cabello mientras disfrutas de un secado r\u00e1pido. Gracias a los variados ajustes de velocidad y temperatura, puedes disfrutar del tipo de secado que desees o elegir ThermoProtect para obtener un secado r\u00e1pido y a una temperatura constante que proteja tu cabello.<\/p>\n","protected":false},"featured_media":11823,"comment_status":"closed","ping_status":"closed","template":"","meta":[],"product_cat":[67],"product_tag":[],"class_list":{"0":"post-11958","1":"product","2":"type-product","3":"status-publish","4":"has-post-thumbnail","6":"product_cat-beauty","8":"first","9":"instock","10":"sale","11":"sold-individually","12":"shipping-taxable","13":"purchasable","14":"product-type-simple"},"_links":{"self":[{"href":"https:\/\/partnersales.cl\/philips\/index.php?rest_route=\/wp\/v2\/product\/11958","targetHints":{"allow":["GET"]}}],"collection":[{"href":"https:\/\/partnersales.cl\/philips\/index.php?rest_route=\/wp\/v2\/product"}],"about":[{"href":"https:\/\/partnersales.cl\/philips\/index.php?rest_route=\/wp\/v2\/types\/product"}],"replies":[{"embeddable":true,"href":"https:\/\/partnersales.cl\/philips\/index.php?rest_route=%2Fwp%2Fv2%2Fcomments&post=11958"}],"version-history":[{"count":1,"href":"https:\/\/partnersales.cl\/philips\/index.php?rest_route=\/wp\/v2\/product\/11958\/revisions"}],"predecessor-version":[{"id":12003,"href":"https:\/\/partnersales.cl\/philips\/index.php?rest_route=\/wp\/v2\/product\/11958\/revisions\/12003"}],"wp:featuredmedia":[{"embeddable":true,"href":"https:\/\/partnersales.cl\/philips\/index.php?rest_route=\/wp\/v2\/media\/11823"}],"wp:attachment":[{"href":"https:\/\/partnersales.cl\/philips\/index.php?rest_route=%2Fwp%2Fv2%2Fmedia&parent=11958"}],"wp:term":[{"taxonomy":"product_cat","embeddable":true,"href":"https:\/\/partnersales.cl\/philips\/index.php?rest_route=%2Fwp%2Fv2%2Fproduct_cat&post=11958"},{"taxonomy":"product_tag","embeddable":true,"href":"https:\/\/partnersales.cl\/philips\/index.php?rest_route=%2Fwp%2Fv2%2Fproduct_tag&post=11958"}],"curies":[{"name":"wp","href":"https:\/\/api.w.org\/{rel}","templated":true}]}}