{"id":11940,"date":"2021-11-05T04:26:53","date_gmt":"2021-11-05T04:26:53","guid":{"rendered":"https:\/\/partnersales.cl\/philips\/?post_type=product&#038;p=11940"},"modified":"2021-11-05T04:27:00","modified_gmt":"2021-11-05T04:27:00","slug":"depiladora-wet-dry-2","status":"publish","type":"product","link":"https:\/\/partnersales.cl\/philips\/?product=depiladora-wet-dry-2","title":{"rendered":"Depiladora Wet &#038; Dry."},"content":{"rendered":"<p>La depiladora Philips Serie 8000 ofrece una depilaci\u00f3n potente y suave gracias a sus pinzas mejoradas que realizan m\u00e1s de 70,000\u00a0acciones por minuto para atrapar el vello. Esto significa que puedes cubrir m\u00e1s piel y lograr una suavidad perfecta por hasta 4\u00a0semanas en menos tiempo*. Trata ambas piernas en tan solo 10\u00a0minutos. El cabezal extra ancho de depiladora abarca m\u00e1s piel en cada pasada para proporcionar una depilaci\u00f3n m\u00e1s r\u00e1pida. El mango ergon\u00f3mico en forma de S ayuda a pasarla f\u00e1cilmente por todo el cuerpo con un control m\u00e1ximo y un mayor alcance con movimientos naturales y precisos.<\/p>\n","protected":false},"excerpt":{"rendered":"<p>La depiladora Philips Serie 8000 ofrece una depilaci\u00f3n potente y suave para que logres eliminar el vello de ambas piernas en tan solo 10\u00a0minutos. Disfruta de los beneficios m\u00e1s all\u00e1 de la depilaci\u00f3n con los accesorios adicionales.<\/p>\n","protected":false},"featured_media":11925,"comment_status":"closed","ping_status":"closed","template":"","meta":[],"product_cat":[67],"product_tag":[],"class_list":{"0":"post-11940","1":"product","2":"type-product","3":"status-publish","4":"has-post-thumbnail","6":"product_cat-beauty","8":"first","9":"instock","10":"sale","11":"sold-individually","12":"shipping-taxable","13":"purchasable","14":"product-type-simple"},"_links":{"self":[{"href":"https:\/\/partnersales.cl\/philips\/index.php?rest_route=\/wp\/v2\/product\/11940","targetHints":{"allow":["GET"]}}],"collection":[{"href":"https:\/\/partnersales.cl\/philips\/index.php?rest_route=\/wp\/v2\/product"}],"about":[{"href":"https:\/\/partnersales.cl\/philips\/index.php?rest_route=\/wp\/v2\/types\/product"}],"replies":[{"embeddable":true,"href":"https:\/\/partnersales.cl\/philips\/index.php?rest_route=%2Fwp%2Fv2%2Fcomments&post=11940"}],"version-history":[{"count":1,"href":"https:\/\/partnersales.cl\/philips\/index.php?rest_route=\/wp\/v2\/product\/11940\/revisions"}],"predecessor-version":[{"id":11970,"href":"https:\/\/partnersales.cl\/philips\/index.php?rest_route=\/wp\/v2\/product\/11940\/revisions\/11970"}],"wp:featuredmedia":[{"embeddable":true,"href":"https:\/\/partnersales.cl\/philips\/index.php?rest_route=\/wp\/v2\/media\/11925"}],"wp:attachment":[{"href":"https:\/\/partnersales.cl\/philips\/index.php?rest_route=%2Fwp%2Fv2%2Fmedia&parent=11940"}],"wp:term":[{"taxonomy":"product_cat","embeddable":true,"href":"https:\/\/partnersales.cl\/philips\/index.php?rest_route=%2Fwp%2Fv2%2Fproduct_cat&post=11940"},{"taxonomy":"product_tag","embeddable":true,"href":"https:\/\/partnersales.cl\/philips\/index.php?rest_route=%2Fwp%2Fv2%2Fproduct_tag&post=11940"}],"curies":[{"name":"wp","href":"https:\/\/api.w.org\/{rel}","templated":true}]}}