{"id":11933,"date":"2021-11-05T04:26:51","date_gmt":"2021-11-05T04:26:51","guid":{"rendered":"https:\/\/partnersales.cl\/philips\/?post_type=product&#038;p=11933"},"modified":"2021-11-05T04:26:58","modified_gmt":"2021-11-05T04:26:58","slug":"secador-de-pelo-drycare-essential-2100w","status":"publish","type":"product","link":"https:\/\/partnersales.cl\/philips\/?product=secador-de-pelo-drycare-essential-2100w","title":{"rendered":"Secador de Pelo DryCare Essential 2100W."},"content":{"rendered":"<p>El secador de cabello profesional de Philips cuenta con un motor de CA de alto rendimiento desarrollado para el mercado profesional. Genera aire a una velocidad de hasta 130\u00a0km\/h* para lograr resultados r\u00e1pidos y eficaces. Este secador de cabello profesional de 2100 W crea un flujo de aire poderoso. El resultado de la combinaci\u00f3n de potencia y velocidad permite secar y peinar el cabello de forma m\u00e1s f\u00e1cil y r\u00e1pida. El ajuste de temperatura ThermoProtect da la temperatura de secado \u00f3ptima y ofrece una mayor protecci\u00f3n frente al sobrecalentamiento del pelo. Obtendr\u00e1s los mejores resultados sin da\u00f1ar el pelo con el mismo flujo de aire potente.<\/p>\n","protected":false},"excerpt":{"rendered":"<p>El secador de cabello Philips\u00a0Pro posee un motor de CA que alcanza una velocidad de aire de hasta 130\u00a0km\/h* para brindar resultados r\u00e1pidos y profesionales. Tambi\u00e9n cuenta con el ajuste ThermoProtect que permite una temperatura \u00f3ptima a fin de proteger el cabello del sobrecalentamiento.<\/p>\n","protected":false},"featured_media":11896,"comment_status":"closed","ping_status":"closed","template":"","meta":[],"product_cat":[67],"product_tag":[],"class_list":{"0":"post-11933","1":"product","2":"type-product","3":"status-publish","4":"has-post-thumbnail","6":"product_cat-beauty","8":"first","9":"instock","10":"sale","11":"sold-individually","12":"shipping-taxable","13":"purchasable","14":"product-type-simple"},"_links":{"self":[{"href":"https:\/\/partnersales.cl\/philips\/index.php?rest_route=\/wp\/v2\/product\/11933","targetHints":{"allow":["GET"]}}],"collection":[{"href":"https:\/\/partnersales.cl\/philips\/index.php?rest_route=\/wp\/v2\/product"}],"about":[{"href":"https:\/\/partnersales.cl\/philips\/index.php?rest_route=\/wp\/v2\/types\/product"}],"replies":[{"embeddable":true,"href":"https:\/\/partnersales.cl\/philips\/index.php?rest_route=%2Fwp%2Fv2%2Fcomments&post=11933"}],"version-history":[{"count":1,"href":"https:\/\/partnersales.cl\/philips\/index.php?rest_route=\/wp\/v2\/product\/11933\/revisions"}],"predecessor-version":[{"id":11963,"href":"https:\/\/partnersales.cl\/philips\/index.php?rest_route=\/wp\/v2\/product\/11933\/revisions\/11963"}],"wp:featuredmedia":[{"embeddable":true,"href":"https:\/\/partnersales.cl\/philips\/index.php?rest_route=\/wp\/v2\/media\/11896"}],"wp:attachment":[{"href":"https:\/\/partnersales.cl\/philips\/index.php?rest_route=%2Fwp%2Fv2%2Fmedia&parent=11933"}],"wp:term":[{"taxonomy":"product_cat","embeddable":true,"href":"https:\/\/partnersales.cl\/philips\/index.php?rest_route=%2Fwp%2Fv2%2Fproduct_cat&post=11933"},{"taxonomy":"product_tag","embeddable":true,"href":"https:\/\/partnersales.cl\/philips\/index.php?rest_route=%2Fwp%2Fv2%2Fproduct_tag&post=11933"}],"curies":[{"name":"wp","href":"https:\/\/api.w.org\/{rel}","templated":true}]}}